+ (-8 - (-11 - -6))
-4
Calculate (-5 + 3 - (3 - -1)) + -5.
-11
Evaluate -126 + 109 - ((4 - 1) + -2).
-18
Evaluate -7 - ((-2 + -5 - -2) + -54 + 45).
7
What is the value of -4 + 8 + -2 + -7 + 0 + -8?
-13
Calculate -17 - (13 - (-2 + -3 + 29)).
-6
What is the value of 12 - (-8 + 33) - -4?
-9
Calculate 78 + -89 - (-21 - 15).
25
Calculate 13 + (2 - 8) + -5.
2
Evaluate 12 - -7 - 8 - 6.
5
-10 + (16 - (-32 + 28))
10
What is the value of (13 - 13) + -13 + 7?
-6
(0 - (3 + (-2 - -3))) + -13 + 12
-5
Evaluate 71 - 64 - (0 - 0).
7
Calculate -8 + (4 - (0 + (1 - 9) + 13)).
-9
What is the value of -25 + 29 + (-70 - -40)?
-26
Calculate 10 + -1 + -3 - 25 - -7.
-12
-27 - (-36 + 10) - (-3 - (-2 - -1))
1
Calculate 3 - 6 - (-9 - -3) - 14.
-11
Calculate -25 - ((35 - 52) + -28).
20
5 + 3 + -16 + (-1 - 3)
-12
Calculate -29 - (-21 - (-8 - -20)).
4
What is 1 + -2 - (9 + -22 - -10)?
2
Evaluate (-674 - -655) + 10 + 1 + 1.
-7
What is the value of (-13 - -32) + -2 + -12 + 2?
7
What is (-4 + -9 - 1 - -17) + 3 + 10?
16
What is (5 - 1 - 18) + 7 + 2?
-5
Evaluate 8 - (15 + -4 + -6 + (-10 - -2)).
11
What is 11 + 0 - (-72 + 47 + (63 - -2))?
-29
Calculate 8 + -7 + 7 - 22.
-14
Evaluate -3 + 2 + (3 - 1) + -8 + 2.
-5
(-23 + 1 - -15) + 13
6
(17 - 6) + (1 - 16)
-4
Calculate (3 - 0) + -6 - (-15 + 13 + 12).
-13
Evaluate -13 - (-6 + -27 + 11).
9
What is -5 - (12 + -2 - 24) - 20?
-11
-9 - (-4 - (-1 - 0)) - (36 - 44)
2
What is -23 + (21 - 33 - -31)?
-4
What is -1 + (-2 - -5) + 66 + -62?
6
Evaluate 18 + -12 + 2 + -5 + (5 - -16).
24
Evaluate -11 - -3 - (2 + -3 + 1).
-8
What is the value of 5 + 0 + 14 + (-4 - -14) + -7?
22
5 + -5 + 0 + 13 + -14 + -21
-22
Calculate (252 - 266) + (10 - 3) + -2 - -5.
-4
Calculate -4 + (-6 - -12) + 13 + 4 - 6.
13
Evaluate (41 - 46) + (2 + -2 - -16).
11
(24 - 81 - -24) + 27
-6
What is the value of (9 - 6) + 19 + (-3 - 5)?
14
Evaluate (21 - 15) + (7 - (13 - 3)).
3
Evaluate 33 + -27 - (-1 + 10).
-3
Calculate 1 + -10 - (-25 + -8 + 19).
5
Calculate 15 + (15 - (21 - -9)) - -30.
30
Calculate 5 + -2 + -10 + (11 - (6 - 2)).
0
Evaluate (1 - -1) + -20 + 35 + (-92 - -58).
-17
Calculate -31 - ((-6 + 21 - 2) + (49 - 53)).
-40
Evaluate 15 + (-20 - (21 + -32 + 16)).
-10
Calculate -1 + (7 + 41 - 14 - 0).
33
Evaluate 12 - -3 - (7 + -1 + 33).
-24
395 - 416 - (-10 + -2)
-9
Calculate 5 + -7 + (3 - 8 - 18) + 12.
-13
What is 31 - (-2 + 2) - (56 - (-59 - -106))?
22
19 + -1 + -449 + 438
7
What is the value of (30 + -10 + 10 - -7) + -13?
24
What is the value of 7 + (12 - 6 - 5)?
8
What is the value of 8 - ((-14 - (1 + -32)) + -2)?
-7
What is -7 + (10 - -4 - (-19 + 14))?
12
-8 + (17 + -28 - (-14 + 4))
-9
Evaluate -383 - -380 - (-1 - -4 - (-9 - -40)).
25
-14 - (-7 + 13) - (-7 + -3)
-10
What is the value of 35 + -28 + (-1 - 15)?
-9
-11 - (-10 + -9 + -1)
9
-3 + 6 - (2 + -6) - (0 + 4)
3
What is the value of 15 - ((-2 - (-7 + 9)) + 6)?
13
What is the value of (-24 + 39 - (3 - -18)) + 2 + -9?
-13
Calculate -8 - ((13 - 10) + 7 - 5).
-13
What is the value of (-5 - (-6 + 4) - 4) + 2 - 7?
-12
0 + 5 + -2 - (16 - (-20 + 34))
1
What is the value of 3 - ((-3 - -5 - -1) + 36 + -42)?
6
Evaluate (0 - 2 - -6) + -11 + (7 - -11).
11
Evaluate (-6 - (-17 + -12 + 1)) + -6.
16
Evaluate (-6 - -5) + 15 + -1 + (-303 - -300).
10
What is 20 + (26 - 15 - 34)?
-3
(19 - 22) + 12 + (-10 - 0)
-1
Evaluate (-31 - -1) + (-25 - -44 - 8).
-19
(2 - (4 - -2) - 2) + -5 + 0
-11
Calculate (-4 - (-12 - (-4 + 5 + -5))) + -1.
3
What is 4 + 13 + -32 + 13?
-2
Evaluate -255 + 279 - (26 - 2).
0
What is the value of -2 + 23 + (41 - 49)?
13
(-1 - -6) + (24 - 23) + -4 + 0
2
6 + (-9 - (12 + -7)) - -17
9
Calculate 4 - (3 + (-12 - 4)).
17
Evaluate 16 - (22 + -10 - (9 + 1)).
14
Calculate -11 + 14 + 4 + -13.
-6
What is the value of -4 - (2 - (7 - (16 + (15 - 8))))?
-22
Evaluate (-21 - -7) + 37 + 2.
25
What is the value of (22 - 0 - 9) + 0?
13
Evaluate (7 - (-3 + 4)) + (4 - 8 - 12).
-10
Evaluate (23 + 2 - 36) + 12.
1
(-16 - (-23 + 3) - 8) + 9
5
2 + -30 + -66 + 108
14
What is -31 + 73 - 42 - -21?
21
What is the value of 5 - (0 - 3) - (221 - 185)?
-28
-18 + 14 - 3 - (3 + 2 + -8)
-4
Calculate (13 - 2) + (-9 + 23 - 19).
6
What is 2 + (1 - (3 + 3 - 2)) + 15?
14
-8 - (5 + 14 + -21)
-6
Evaluate -8 - (5 - 6) - -9.
2
What is the value of 3 + -3 + (0 - (12 + -6))?
-6
What is 3 - (-11 + 19 + -7) - 1?
1
Calculate (12 + (-5 - -2) - -1) + 105 + -100.
15
1 - -2 - ((-5 - 7) + -1)
16
Evaluate 391 + -403 - (-29 + -1).
18
Calculate (0 - -12) + 31 + -13 + -24.
6
Evaluate -14 - -7 - (4 + -6 - 4 - 2).
1
Calculate -2 - (-12 + 2) - (7 - 10).
11
Calculate 0 - (10 - (16 - 15)).
-9
What is the value of 35 + 6 + 38 + -62?
17
What is the value of (1 + 10 - 14) + -1 + 5 + 1?
2
What is the value of 2 + 15 - ((15 - 6) + (-7 - 9))?
24
Evaluate (-1 - -30) + (-18 - (6 + 0 + -29)).
34
(4 - (11 - 14)) + -1
6
What is -557 + 548 - (-19 - (0 - 0))?
10
What is the value of (4 - 4) + 3 + 14 + -8?
9
Calculate 8 + (0 - -7 - (9 - 8)).
14
Evaluate 19 + (7 - 30) + -22.
-26
Calculate -22 + 47 + (3 + -5 - 4).
19
What is the value of -9 - ((-1 + -7 - 8) + -15)?
22
Evaluate 17 - (3 + 23) - (7 + -23).
7
What is the value of (1 - 11) + (219 - 213) + (2 - 2)?
-4
Calculate 145 - 179 - (4 + -35).
-3
What is the value of (-5 - -14) + -16 + 1?
-6
Calculate -150 + 190 + -4 + -2 + 1.
35
What is the value of (-588 - -573) + 1 + 37?
23
What is the value of 7 + -1 - (21 - (-15 - -54))?
24
Evaluate -8 - (39 + (-21 - -3 - (38 + -48))).
-39
What is the value of -8 + -8 + 27 - ((-2 - -5) + -4)?
12
What is (-5 + 3 + -3 + -2 - -11) + 17?
21
What is the value of -21 + 2 + (13 - (8 + 4))?
-18
What is 30 - 18 - 6 - (4 - 25)?
27
-28 + 37 + (-4 - (10 - -6))
-11
19 + (-6 - -1) + -2 + -2 + -1
9
What is -3 - -15 - 12 - -9?
9
Evaluate 17 - (3 + 7) - 5.
2
(3 - (-11 + 10)) + 6
10
Calculate 14 + (-5 - -10 - 12).
7
What is -1 - (15 + 38 + -76)?
22
196 + -206 - (1 + -18)
7
Evaluate 30 - (-12 + 4 + 3 + 13 - 0).
22
What is 22 + -17 + -4 - -4?
5
What is 2 + (-5 - -3) + -1 + (-28 - -22)?
-7
What is the value of (-5 - 3) + 19 + -15?
-4
-36 + 33 - (-11 - -21)
-13
What is the value of (2 - -9) + -5 + (-6 - (2 + -1))?
-1
Calculate (-8 - -7) + -15 + 19.
3
What is (3 - -4) + 1 + 2 + 2 + 2?
14
-10 - (-36 + 34 + -32)
24
Evaluate (-2 - (-3 + 2)) + (-7 + 8 - -14).
14
What is the value of 13 - -1 - (-426 + 424)?
16
-18 - (-29 - -12) - -2
1
5 + (-1 - -1) + (50 - (89 - 25))
-9
-1 + 0 - (1 + -3 + -1 + 2)
0
Calculate 11 + 3 - -2 - 14.
2
What is -19 - (-26 - 0) - 9 - (10 + -1)?
-11
What is the value of ((-1 - -11) + -8 - 6) + -7?
-11
What is the value of (2 - -2) + (59 + -19 - 27)?
17
Evaluate (-37 - 0) + (15 - 31) + 25.
-28
What is (-9 - 6) + 7 + 0 + 23?
15
(-1 - (-1 + -5)) + (-48 - -32)
-11
-12 - (3 + -21) - 21
-15
What is the value of (11 - 2) + 26 + -6 - (8 - 7)?
28
Calculate 102 + -101 + (-13 - -1) + -1.
-12
What is the value of -3 + -2 - (-11 - (-28 - -46))?
24
What is (-7 - 1 - -14) + -10 + 5?
1
What is -19 - (7 - ((4 - 3) + 8))?
-17
3 - -2 - (4 + -4 + 1)
4
-3 + 0 - (14 - 41 - -17)
7
Evaluate (-45 - -39) + (1 - 5).
-10
What is the value of 4 + -26 + 2 + -6 + -2 + 0?
-28
Calculate (2 - -2) + -825 + 841.
20
Calculate 13 + (9 + 3 + 1 - -4).
30
What is (44 + -17 - 32) + 2 + 1 + -3?
-5
What is the value of (4 - 27) + 35 + 11?
23
What is the value of -15 + 2 + 3 + 25?
15
Calculate 19 + -12 - (30 - 11).
-12
What is the value of -11 + 14 - (-16 - -35)?
-16
What is the value of -6 - (110 - 104 - (-1 - 0))?
-13
What is the value of -4 + (-15 + -9 + 16 - (-14 - 1))?
3
What is the value of (-3 - (-2 + 2)) + -6?
-9
What is the value of 2 + -13 + -939 + 969?
19
What is -4 - (0 - 9 - (-10 + -2 - -11))?
4
Calculate (52 - 63) + 12 + 2.
3
Evaluate 9 + (0 - 7 - (3 + -6)) - 22.
-17
What is the value of -1 + -18 + -21 - -34?
-6
What is the value of -8 - (-1 + (27 - 29))?
-5
Evaluate -4 + 10 + -4 + (7 + 2 - 6).
5
Calculate -2 - (-7 - (-7 + -13 + 14)).
-1
Calculate 9 + (-9 - -22) + -30.
-8
What is the value of (4 - 11 - -9) + (-4 - 0)?
-2
17 + -15 - -10 - -1 - 43
-30
Evaluate (17 - 32) + (2 - -1) - -19.
7
Calculate 10 + 0 - ((-116 - -119) + 0 + -1).
8
Calculate -7 + (-1 + 2 - (-199 + 199)).
-6
What is 5 - -3 - -3 - (4 + (2 - 1))?
6
Evaluate -1 - (5 + (-8 - -5) + 4).
-7
(-16 - (-12 - -12)) + 6 + 6
-4
Evaluate (-1 - -13) + (0 - 6 - (-3 - -2)).
7
Calculate -13 + (-33